{"id":874,"date":"2025-04-20T20:14:20","date_gmt":"2025-04-20T20:14:20","guid":{"rendered":"http:\/\/sobanski.pl\/?page_id=874"},"modified":"2026-01-02T12:28:36","modified_gmt":"2026-01-02T12:28:36","slug":"fensterladen-und-fensterbanke","status":"publish","type":"page","link":"https:\/\/sobanski.pl\/index.php\/de\/fensterladen-und-fensterbanke\/","title":{"rendered":"Okiennice i parapety DE"},"content":{"rendered":"\n<div class=\"wp-block-group alignfull has-global-padding is-layout-constrained wp-container-core-group-is-layout-d89aad35 wp-block-group-is-layout-constrained\" style=\"margin-top:0;margin-bottom:0;padding-top:var(--wp--preset--spacing--50);padding-right:var(--wp--preset--spacing--50);padding-bottom:var(--wp--preset--spacing--50);padding-left:var(--wp--preset--spacing--50)\">\n<h2 class=\"wp-block-heading has-text-align-center\" style=\"padding-top:var(--wp--preset--spacing--20);padding-bottom:var(--wp--preset--spacing--20)\"><strong>Fensterl\u00e4den und Fensterb\u00e4nke<\/strong><\/h2>\n\n\n\n<div class=\"wp-block-group alignwide has-global-padding is-layout-constrained wp-container-core-group-is-layout-19e250f3 wp-block-group-is-layout-constrained\">\n<div class=\"wp-block-columns alignwide is-layout-flex wp-container-core-columns-is-layout-d1c656ed wp-block-columns-is-layout-flex\">\n<div class=\"wp-block-column is-vertically-aligned-center is-layout-flow wp-block-column-is-layout-flow\" style=\"flex-basis:60%\">\n<h2 class=\"wp-block-heading\">Holzladen<\/h2>\n\n\n\n<p>Holzladen erf\u00fcllen sowohl eine \u00e4sthetische als auch eine funktionale Rolle, indem sie vollst\u00e4ndige Privatsph\u00e4re bieten und das \u00e4u\u00dfere Erscheinungsbild des Hauses versch\u00f6nern. Sie sind sowohl praktisch als auch elegant und eignen sich nicht nur f\u00fcr traditionell gestaltete H\u00e4user, sondern auch f\u00fcr moderne Geb\u00e4ude, in denen sie die Fassade beleben. Richtige Holzladen verleihen dem Haus Charme. Sie k\u00f6nnen auch f\u00fcr Fenster mit ungew\u00f6hnlichen Formen hergestellt werden: runde, trapezf\u00f6rmige oder dreieckige. Die geeignete Konstruktion erm\u00f6glicht es ihnen, in jeder Ebene zu arbeiten\u2014von vertikal bis horizontal.<\/p>\n\n\n\n<p>Wir verwenden folgende Materialien f\u00fcr die Herstellung von Holzladen:<\/p>\n\n\n\n<ul class=\"wp-block-list\">\n<li>Meranti 450+, Eichen- oder Kiefernholz<\/li>\n\n\n\n<li>Remmers-Lacke, die das Holz perfekt sch\u00fctzen<\/li>\n<\/ul>\n<\/div>\n\n\n\n<div class=\"wp-block-column is-layout-flow wp-block-column-is-layout-flow\" style=\"flex-basis:40%\">\n<figure class=\"wp-block-image size-full is-resized is-style-rounded is-style-rounded--1\"><img loading=\"lazy\" decoding=\"async\" width=\"450\" height=\"600\" src=\"http:\/\/sobanski.pl\/wp-content\/uploads\/2025\/02\/153.jpg\" alt=\"\" class=\"wp-image-144\" style=\"width:449px;height:auto\" srcset=\"https:\/\/sobanski.pl\/wp-content\/uploads\/2025\/02\/153.jpg 450w, https:\/\/sobanski.pl\/wp-content\/uploads\/2025\/02\/153-225x300.jpg 225w\" sizes=\"auto, (max-width: 450px) 100vw, 450px\" \/><\/figure>\n<\/div>\n<\/div>\n\n\n\n<div style=\"height:var(--wp--preset--spacing--40)\" aria-hidden=\"true\" class=\"wp-block-spacer\"><\/div>\n\n\n\n<div class=\"wp-block-columns alignwide is-layout-flex wp-container-core-columns-is-layout-d0846407 wp-block-columns-is-layout-flex\">\n<div class=\"wp-block-column is-layout-flow wp-block-column-is-layout-flow\" style=\"flex-basis:50%\">\n<figure class=\"wp-block-image size-large is-style-rounded is-style-rounded--2\"><img loading=\"lazy\" decoding=\"async\" width=\"1024\" height=\"768\" src=\"http:\/\/sobanski.pl\/wp-content\/uploads\/2025\/02\/parapety0-1024x768.jpg\" alt=\"\" class=\"wp-image-145\" srcset=\"https:\/\/sobanski.pl\/wp-content\/uploads\/2025\/02\/parapety0-1024x768.jpg 1024w, https:\/\/sobanski.pl\/wp-content\/uploads\/2025\/02\/parapety0-300x225.jpg 300w, https:\/\/sobanski.pl\/wp-content\/uploads\/2025\/02\/parapety0-768x576.jpg 768w, https:\/\/sobanski.pl\/wp-content\/uploads\/2025\/02\/parapety0-1536x1152.jpg 1536w, https:\/\/sobanski.pl\/wp-content\/uploads\/2025\/02\/parapety0-2048x1536.jpg 2048w\" sizes=\"auto, (max-width: 1024px) 100vw, 1024px\" \/><\/figure>\n<\/div>\n\n\n\n<div class=\"wp-block-column is-vertically-aligned-center is-layout-flow wp-block-column-is-layout-flow\" style=\"flex-basis:50%\">\n<h2 class=\"wp-block-heading\">Holzfensterb\u00e4nke<\/h2>\n\n\n\n<p>Unsere Innenfensterb\u00e4nke dienen neben ihrer funktionalen Rolle auch als sch\u00f6nes Dekorationselement im Innenraum. Die Farbe kann der Fensterfarbe entsprechen oder sich harmonisch in andere Innenelemente einf\u00fcgen.<\/p>\n\n\n\n<p>Wir verwenden folgende Materialien f\u00fcr die Herstellung von Innenfensterb\u00e4nken:<\/p>\n\n\n\n<ul class=\"wp-block-list\">\n<li>Meranti 450+ Holz<\/li>\n\n\n\n<li>Eichenholz<\/li>\n\n\n\n<li>Kiefernholz<\/li>\n\n\n\n<li>Remmers-Lacke, die das Holz perfekt sch\u00fctzen<\/li>\n<\/ul>\n<\/div>\n<\/div>\n<\/div>\n<\/div>\n","protected":false},"excerpt":{"rendered":"<p>Fensterl\u00e4den und Fensterb\u00e4nke Holzladen Holzladen erf\u00fcllen sowohl eine \u00e4sthetische als auch eine funktionale Rolle, indem sie vollst\u00e4ndige Privatsph\u00e4re bieten und das \u00e4u\u00dfere Erscheinungsbild des Hauses versch\u00f6nern. Sie sind sowohl praktisch als auch elegant und eignen sich nicht nur f\u00fcr traditionell gestaltete H\u00e4user, sondern auch f\u00fcr moderne Geb\u00e4ude, in denen sie die Fassade beleben. Richtige Holzladen [&hellip;]<\/p>\n","protected":false},"author":1,"featured_media":0,"parent":0,"menu_order":0,"comment_status":"closed","ping_status":"closed","template":"wp-custom-template-de","meta":{"_eb_attr":"","footnotes":""},"class_list":["post-874","page","type-page","status-publish","hentry"],"_links":{"self":[{"href":"https:\/\/sobanski.pl\/index.php\/wp-json\/wp\/v2\/pages\/874","targetHints":{"allow":["GET"]}}],"collection":[{"href":"https:\/\/sobanski.pl\/index.php\/wp-json\/wp\/v2\/pages"}],"about":[{"href":"https:\/\/sobanski.pl\/index.php\/wp-json\/wp\/v2\/types\/page"}],"author":[{"embeddable":true,"href":"https:\/\/sobanski.pl\/index.php\/wp-json\/wp\/v2\/users\/1"}],"replies":[{"embeddable":true,"href":"https:\/\/sobanski.pl\/index.php\/wp-json\/wp\/v2\/comments?post=874"}],"version-history":[{"count":5,"href":"https:\/\/sobanski.pl\/index.php\/wp-json\/wp\/v2\/pages\/874\/revisions"}],"predecessor-version":[{"id":1444,"href":"https:\/\/sobanski.pl\/index.php\/wp-json\/wp\/v2\/pages\/874\/revisions\/1444"}],"wp:attachment":[{"href":"https:\/\/sobanski.pl\/index.php\/wp-json\/wp\/v2\/media?parent=874"}],"curies":[{"name":"wp","href":"https:\/\/api.w.org\/{rel}","templated":true}]}}