{"id":859,"date":"2025-04-20T20:07:25","date_gmt":"2025-04-20T20:07:25","guid":{"rendered":"http:\/\/sobanski.pl\/?page_id=859"},"modified":"2025-04-20T20:07:58","modified_gmt":"2025-04-20T20:07:58","slug":"appuis-de-fenetre","status":"publish","type":"page","link":"https:\/\/sobanski.pl\/index.php\/fr\/appuis-de-fenetre\/","title":{"rendered":"Okapniki FR"},"content":{"rendered":"\n<div class=\"wp-block-group alignwide has-global-padding is-layout-constrained wp-block-group-is-layout-constrained\">\n<h2 class=\"wp-block-heading has-text-align-center\" style=\"padding-top:var(--wp--preset--spacing--30);padding-bottom:var(--wp--preset--spacing--30)\"><strong>Appuis de fen\u00eatre<\/strong><\/h2>\n\n\n\n<div class=\"wp-block-group alignwide has-global-padding is-layout-constrained wp-block-group-is-layout-constrained\">\n<div class=\"wp-block-columns alignwide is-layout-flex wp-container-core-columns-is-layout-28f84493 wp-block-columns-is-layout-flex\">\n<div class=\"wp-block-column is-layout-flow wp-block-column-is-layout-flow\" style=\"flex-basis:100%\">\n<p>Notre entreprise propose des appuis de fen\u00eatre de la marque Aluron, caract\u00e9ris\u00e9s par un design moderne de type Soft Line.<\/p>\n\n\n\n<p>Les profils des appuis sont extrud\u00e9s \u00e0 partir d\u2019alliages de construction r\u00e9pondant aux normes de qualit\u00e9 les plus strictes. Leur fabrication avec des tol\u00e9rances r\u00e9duites garantit une parfaite r\u00e9p\u00e9tabilit\u00e9 dimensionnelle.<\/p>\n\n\n\n<p>Les produits Aluron subissent un proc\u00e9d\u00e9 d\u2019anodisation consistant \u00e0 am\u00e9liorer la surface de l\u2019aluminium par la cr\u00e9ation \u00e9lectrolytique d\u2019oxydes protecteurs. Cela conf\u00e8re aux appuis une tr\u00e8s haute r\u00e9sistance \u00e0 la corrosion tout en augmentant consid\u00e9rablement leur r\u00e9sistance m\u00e9canique.<\/p>\n\n\n\n<p>Les profils anodis\u00e9s sont disponibles dans les coloris suivants : argent, olive, brun.<\/p>\n\n\n\n<p>Nous proposons \u00e9galement des appuis Aluron laqu\u00e9s par poudrage dans les coloris standards suivants : blanc RAL 9016, brun fonc\u00e9 RAL 8019, brun RAL 8017. Sur demande sp\u00e9ciale, nous pouvons livrer des appuis dans n\u2019importe quelle couleur RAL. Une excellente pr\u00e9paration de la surface\u2014d\u00e9graissage, d\u00e9capage, chromage\u2014garantit une adh\u00e9rence parfaite et une durabilit\u00e9 exceptionnelle du rev\u00eatement.<\/p>\n\n\n\n<p>Les embouts propos\u00e9s sont fabriqu\u00e9s \u00e0 partir d\u2019un mat\u00e9riau nouvelle g\u00e9n\u00e9ration offrant une r\u00e9sistance accrue aux UV et au vieillissement.<\/p>\n\n\n\n<p>La diversit\u00e9 des couleurs permet des possibilit\u00e9s de conception illimit\u00e9es et une parfaite int\u00e9gration des appuis et embouts \u00e0 l\u2019esth\u00e9tique des fen\u00eatres et de la fa\u00e7ade du b\u00e2timent.<\/p>\n<\/div>\n<\/div>\n\n\n\n<figure class=\"wp-block-image alignwide size-full\"><img loading=\"lazy\" decoding=\"async\" width=\"1000\" height=\"448\" src=\"http:\/\/sobanski.pl\/wp-content\/uploads\/2025\/02\/image-20.png\" alt=\"\" class=\"wp-image-233\" srcset=\"https:\/\/sobanski.pl\/wp-content\/uploads\/2025\/02\/image-20.png 1000w, https:\/\/sobanski.pl\/wp-content\/uploads\/2025\/02\/image-20-300x134.png 300w, https:\/\/sobanski.pl\/wp-content\/uploads\/2025\/02\/image-20-768x344.png 768w\" sizes=\"auto, (max-width: 1000px) 100vw, 1000px\" \/><\/figure>\n<\/div>\n<\/div>\n","protected":false},"excerpt":{"rendered":"<p>Appuis de fen\u00eatre Notre entreprise propose des appuis de fen\u00eatre de la marque Aluron, caract\u00e9ris\u00e9s par un design moderne de type Soft Line. Les profils des appuis sont extrud\u00e9s \u00e0 partir d\u2019alliages de construction r\u00e9pondant aux normes de qualit\u00e9 les plus strictes. Leur fabrication avec des tol\u00e9rances r\u00e9duites garantit une parfaite r\u00e9p\u00e9tabilit\u00e9 dimensionnelle. Les produits [&hellip;]<\/p>\n","protected":false},"author":1,"featured_media":0,"parent":0,"menu_order":0,"comment_status":"closed","ping_status":"closed","template":"wp-custom-template-fr","meta":{"_eb_attr":"","footnotes":""},"class_list":["post-859","page","type-page","status-publish","hentry"],"_links":{"self":[{"href":"https:\/\/sobanski.pl\/index.php\/wp-json\/wp\/v2\/pages\/859","targetHints":{"allow":["GET"]}}],"collection":[{"href":"https:\/\/sobanski.pl\/index.php\/wp-json\/wp\/v2\/pages"}],"about":[{"href":"https:\/\/sobanski.pl\/index.php\/wp-json\/wp\/v2\/types\/page"}],"author":[{"embeddable":true,"href":"https:\/\/sobanski.pl\/index.php\/wp-json\/wp\/v2\/users\/1"}],"replies":[{"embeddable":true,"href":"https:\/\/sobanski.pl\/index.php\/wp-json\/wp\/v2\/comments?post=859"}],"version-history":[{"count":3,"href":"https:\/\/sobanski.pl\/index.php\/wp-json\/wp\/v2\/pages\/859\/revisions"}],"predecessor-version":[{"id":864,"href":"https:\/\/sobanski.pl\/index.php\/wp-json\/wp\/v2\/pages\/859\/revisions\/864"}],"wp:attachment":[{"href":"https:\/\/sobanski.pl\/index.php\/wp-json\/wp\/v2\/media?parent=859"}],"curies":[{"name":"wp","href":"https:\/\/api.w.org\/{rel}","templated":true}]}}