{"id":828,"date":"2025-04-20T19:46:03","date_gmt":"2025-04-20T19:46:03","guid":{"rendered":"http:\/\/sobanski.pl\/?page_id=828"},"modified":"2026-01-02T12:28:19","modified_gmt":"2026-01-02T12:28:19","slug":"wir-bieten-okologische-innen-ausen-und-terrassenturen","status":"publish","type":"page","link":"https:\/\/sobanski.pl\/index.php\/de\/wir-bieten-okologische-innen-ausen-und-terrassenturen\/","title":{"rendered":"Drzwi DE"},"content":{"rendered":"\n<div class=\"wp-block-group alignfull has-global-padding is-layout-constrained wp-block-group-is-layout-constrained\">\n<h2 class=\"wp-block-heading has-text-align-center\" style=\"padding-top:var(--wp--preset--spacing--30)\"><strong>Wir bieten \u00f6kologische Innen-, Au\u00dfen- und Terrassent\u00fcren<\/strong><\/h2>\n\n\n\n<div class=\"wp-block-group alignfull has-accent-background-color has-background has-global-padding is-layout-constrained wp-container-core-group-is-layout-669513ed wp-block-group-is-layout-constrained\" style=\"margin-top:0;margin-bottom:0;padding-top:var(--wp--preset--spacing--50);padding-right:var(--wp--preset--spacing--50);padding-bottom:var(--wp--preset--spacing--50);padding-left:var(--wp--preset--spacing--50)\">\n<div class=\"wp-block-columns alignwide is-layout-flex wp-container-core-columns-is-layout-1da03c2a wp-block-columns-is-layout-flex\">\n<div class=\"wp-block-column is-vertically-aligned-stretch is-layout-flow wp-block-column-is-layout-flow\" style=\"flex-basis:70%\">\n<div class=\"wp-block-group is-vertical is-content-justification-stretch is-layout-flex wp-container-core-group-is-layout-444d5ee8 wp-block-group-is-layout-flex\" style=\"min-height:100%\">\n<h2 class=\"wp-block-heading has-x-large-font-size\">Au\u00dfent\u00fcren<\/h2>\n\n\n\n<p>Unsere Holzhaust\u00fcren sind echte Visitenkarten f\u00fcr jedes Haus. H\u00f6chste Qualit\u00e4t, Liebe zum Detail und nahezu grenzenlose Gestaltungsm\u00f6glichkeiten geh\u00f6ren zu den gr\u00f6\u00dften Vorteilen unserer Au\u00dfent\u00fcren.<br>Der T\u00fcrfl\u00fcgel besteht aus einem Rahmen aus laminiertem Meranti 450+ oder Eichenholz, gef\u00fcllt mit isolierten Kassetten oder Glas. Standardm\u00e4\u00dfig wird au\u00dfen eine P4-Einbruchschutzverglasung eingesetzt. Der Fl\u00fcgelrahmen mit 130&#215;68 mm oder 130&#215;88 mm sorgt f\u00fcr Stabilit\u00e4t. Die Zarge basiert auf dem Fensterprofil Euroline II 68, ENERGO 78 oder PASSIV 92.<\/p>\n\n\n\n<p>Verwendete Materialien f\u00fcr Au\u00dfent\u00fcren:<\/p>\n\n\n\n<ul class=\"wp-block-list\">\n<li>Meranti 450+, Eiche, Kiefer (laminiert)<\/li>\n\n\n\n<li>Sperrholzplatten mit Styropor oder PU-Schaum<\/li>\n\n\n\n<li>Remmers-Lacke mit optimalem Holzschutz<\/li>\n\n\n\n<li>Isolierverglasung nach Kundenspezifikation<\/li>\n\n\n\n<li>Deventer-Dichtungen f\u00fcr gute Schalld\u00e4mmung<\/li>\n\n\n\n<li>3D-B\u00e4nder von SFS<\/li>\n\n\n\n<li>Fuhr-Schloss mit Dreifachverriegelung und zwei Zylindern WILKA<\/li>\n<\/ul>\n<\/div>\n<\/div>\n\n\n\n<div class=\"wp-block-column is-vertically-aligned-center is-layout-flow wp-block-column-is-layout-flow\" style=\"flex-basis:50%\">\n<figure class=\"wp-block-image size-full is-resized\"><img loading=\"lazy\" decoding=\"async\" width=\"1024\" height=\"680\" src=\"http:\/\/sobanski.pl\/wp-content\/uploads\/2025\/02\/sdsd-1024x680-1.jpg\" alt=\"\" class=\"wp-image-114\" style=\"aspect-ratio:0.5625;object-fit:cover;width:376px;height:auto\" srcset=\"https:\/\/sobanski.pl\/wp-content\/uploads\/2025\/02\/sdsd-1024x680-1.jpg 1024w, https:\/\/sobanski.pl\/wp-content\/uploads\/2025\/02\/sdsd-1024x680-1-300x199.jpg 300w, https:\/\/sobanski.pl\/wp-content\/uploads\/2025\/02\/sdsd-1024x680-1-768x510.jpg 768w\" sizes=\"auto, (max-width: 1024px) 100vw, 1024px\" \/><\/figure>\n<\/div>\n<\/div>\n<\/div>\n\n\n\n<div class=\"wp-block-group alignfull has-base-2-background-color has-background has-global-padding is-layout-constrained wp-container-core-group-is-layout-d89aad35 wp-block-group-is-layout-constrained\" style=\"margin-top:0;margin-bottom:0;padding-top:var(--wp--preset--spacing--50);padding-right:var(--wp--preset--spacing--50);padding-bottom:var(--wp--preset--spacing--50);padding-left:var(--wp--preset--spacing--50)\">\n<div class=\"wp-block-columns alignwide is-layout-flex wp-container-core-columns-is-layout-1da03c2a wp-block-columns-is-layout-flex\">\n<div class=\"wp-block-column is-vertically-aligned-center is-layout-flow wp-block-column-is-layout-flow\" style=\"flex-basis:60%\">\n<figure class=\"wp-block-image size-full is-style-rounded wp-duotone-unset-2 is-style-rounded--1\"><img loading=\"lazy\" decoding=\"async\" width=\"900\" height=\"598\" src=\"http:\/\/sobanski.pl\/wp-content\/uploads\/2025\/02\/DSC_0064.jpg\" alt=\"\" class=\"wp-image-119\" style=\"aspect-ratio:4\/3;object-fit:cover\" srcset=\"https:\/\/sobanski.pl\/wp-content\/uploads\/2025\/02\/DSC_0064.jpg 900w, https:\/\/sobanski.pl\/wp-content\/uploads\/2025\/02\/DSC_0064-300x199.jpg 300w, https:\/\/sobanski.pl\/wp-content\/uploads\/2025\/02\/DSC_0064-768x510.jpg 768w\" sizes=\"auto, (max-width: 900px) 100vw, 900px\" \/><\/figure>\n<\/div>\n\n\n\n<div class=\"wp-block-column is-layout-flow wp-block-column-is-layout-flow\" style=\"flex-basis:40%\">\n<h2 class=\"wp-block-heading\">Innent\u00fcren<\/h2>\n\n\n\n<p>T\u00fcren pr\u00e4gen den Charakter jedes Innenraums. Daher ist ein stimmiges Design besonders wichtig. Unsere T\u00fcren sind Unikate, die den Stil eines Hauses unterstreichen. Wir fertigen auf Ma\u00df \u2013 ob klassisch \u00f6ffnend (mit oder ohne Falz) oder als Schiebet\u00fcr mit WIM-Kassette oder Wandschiene.<\/p>\n<\/div>\n<\/div>\n\n\n\n<div class=\"wp-block-columns alignwide is-layout-flex wp-container-core-columns-is-layout-1da03c2a wp-block-columns-is-layout-flex\">\n<div class=\"wp-block-column is-vertically-aligned-center is-layout-flow wp-block-column-is-layout-flow\" style=\"flex-basis:60%\">\n<p>Alle Innent\u00fcren haben Zargen mit Wandverkleidung. Der Fl\u00fcgel besteht aus einem Rahmen aus Schichtholz.<br>Mit Ma\u00dfen von 110&#215;48 mm bieten unsere T\u00fcren Stabilit\u00e4t und Langlebigkeit. Die Zarge ist ebenfalls aus laminiertem Holz gefertigt.<\/p>\n\n\n\n<p>Gro\u00dfz\u00fcgige Raum\u00f6ffnungen unterstreichen wir mit passenden Verkleidungen \u2013 \u00e4sthetisch und sch\u00fctzend f\u00fcr Wandkanten.<\/p>\n<\/div>\n\n\n\n<div class=\"wp-block-column is-layout-flow wp-block-column-is-layout-flow\" style=\"flex-basis:40%\">\n<p>Verwendete Materialien f\u00fcr Innent\u00fcren und Zargen:<\/p>\n\n\n\n<ul class=\"wp-block-list\">\n<li>laminiertes Kiefer-, Meranti- oder Eichenholz<\/li>\n\n\n\n<li>F\u00fcllungen aus nat\u00fcrlichem Sperrholz mit PU-Schaum<\/li>\n\n\n\n<li>Holzleisten<\/li>\n\n\n\n<li>Remmers-Lacke<\/li>\n\n\n\n<li>Deventer-Dichtungen<\/li>\n\n\n\n<li>SFS-B\u00e4nder, 3D-verstellbar<\/li>\n\n\n\n<li>WIM-Kassette, Geze-Schiene (Schiebet\u00fcren)<\/li>\n\n\n\n<li>Gerda-Schl\u00f6sser mit 72 mm Abstand: Schl\u00fcssel, WC, Zylinder WILKA<\/li>\n\n\n\n<li>Glas oder Bleiverglasung<\/li>\n<\/ul>\n<\/div>\n<\/div>\n<\/div>\n\n\n\n<div class=\"wp-block-group alignfull has-base-background-color has-background has-global-padding is-layout-constrained wp-container-core-group-is-layout-d89aad35 wp-block-group-is-layout-constrained\" style=\"margin-top:0;margin-bottom:0;padding-top:var(--wp--preset--spacing--50);padding-right:var(--wp--preset--spacing--50);padding-bottom:var(--wp--preset--spacing--50);padding-left:var(--wp--preset--spacing--50)\">\n<h2 class=\"wp-block-heading alignfull has-text-align-center\">Terrassent\u00fcren aus Holz<\/h2>\n\n\n\n<div style=\"height:52px\" aria-hidden=\"true\" class=\"wp-block-spacer\"><\/div>\n\n\n\n<div class=\"wp-block-columns alignwide are-vertically-aligned-center is-layout-flex wp-container-core-columns-is-layout-1da03c2a wp-block-columns-is-layout-flex\">\n<div class=\"wp-block-column is-vertically-aligned-center is-layout-flow wp-block-column-is-layout-flow\" style=\"flex-basis:30%\">\n<figure class=\"wp-block-image alignright size-full is-resized is-style-rounded wp-duotone-unset-4 is-style-rounded--3\"><img loading=\"lazy\" decoding=\"async\" width=\"409\" height=\"615\" src=\"http:\/\/sobanski.pl\/wp-content\/uploads\/2025\/02\/DSC_0074-edited.jpg\" alt=\"\" class=\"wp-image-121\" style=\"width:401px;height:auto\" srcset=\"https:\/\/sobanski.pl\/wp-content\/uploads\/2025\/02\/DSC_0074-edited.jpg 409w, https:\/\/sobanski.pl\/wp-content\/uploads\/2025\/02\/DSC_0074-edited-200x300.jpg 200w\" sizes=\"auto, (max-width: 409px) 100vw, 409px\" \/><\/figure>\n<\/div>\n\n\n\n<div class=\"wp-block-column is-vertically-aligned-center is-layout-flow wp-block-column-is-layout-flow\" style=\"flex-basis:60%\">\n<h3 class=\"wp-block-heading\"><strong>HS-T\u00fcren<\/strong><\/h3>\n\n\n\n<p>Hebeschiebet\u00fcren er\u00f6ffnen neue Wohnr\u00e4ume. Gro\u00dfe Glasfl\u00e4chen mit nahezu schwellenlosem \u00dcbergang verbinden Haus und Garten. Trotz ihrer Gr\u00f6\u00dfe lassen sich die Fl\u00fcgel leicht bewegen. Unsere HS-T\u00fcren sind verf\u00fcgbar in EUROLINE 68, ENERGO 78, PASSIV 92 sowie Holz-Aluminium-Kombinationen \u2013 alle nach aktuellen EU-Normen. Spezielle Beschl\u00e4ge erm\u00f6glichen gro\u00dfe Glasfl\u00e4chen. <\/p>\n\n\n\n<p>Verwendete Materialien:<\/p>\n\n\n\n<ul class=\"wp-block-list\">\n<li>laminiertes Meranti 450+, Eiche, Kiefer<\/li>\n\n\n\n<li>Remmers-Schutzlacke<\/li>\n\n\n\n<li>Siegenia-Beschl\u00e4ge<\/li>\n\n\n\n<li>Isolierverglasung nach Wunsch<\/li>\n\n\n\n<li>Siegenia-Dichtungen und Griffe<\/li>\n\n\n\n<li>Aluminium-Schwellen mit Thermoeinlage<\/li>\n<\/ul>\n<\/div>\n<\/div>\n\n\n\n<div style=\"height:59px\" aria-hidden=\"true\" class=\"wp-block-spacer\"><\/div>\n\n\n\n<div class=\"wp-block-columns alignwide are-vertically-aligned-center is-layout-flex wp-container-core-columns-is-layout-1da03c2a wp-block-columns-is-layout-flex\">\n<div class=\"wp-block-column is-vertically-aligned-center is-layout-flow wp-block-column-is-layout-flow\" style=\"flex-basis:60%\">\n<h3 class=\"wp-block-heading\"><strong>Faltanlage<\/strong><\/h3>\n\n\n\n<p>Einzigartiges Design und das Gef\u00fchl von Weite. Die Fl\u00fcgel falten sich zu einer Seite, wodurch der gesamte Durchgang frei bleibt \u2013 perfekt f\u00fcr offene Raumkonzepte mit niedrigem Schwellen\u00fcbergang.<\/p>\n<\/div>\n\n\n\n<div class=\"wp-block-column is-vertically-aligned-center is-layout-flow wp-block-column-is-layout-flow\" style=\"flex-basis:30%\">\n<figure class=\"wp-block-image alignright size-full is-resized is-style-rounded wp-duotone-unset-6 is-style-rounded--5\"><img loading=\"lazy\" decoding=\"async\" width=\"665\" height=\"499\" src=\"http:\/\/sobanski.pl\/wp-content\/uploads\/2025\/02\/DSC_0043-edited.jpg\" alt=\"\" class=\"wp-image-123\" style=\"width:401px;height:auto\" srcset=\"https:\/\/sobanski.pl\/wp-content\/uploads\/2025\/02\/DSC_0043-edited.jpg 665w, https:\/\/sobanski.pl\/wp-content\/uploads\/2025\/02\/DSC_0043-edited-300x225.jpg 300w\" sizes=\"auto, (max-width: 665px) 100vw, 665px\" \/><\/figure>\n<\/div>\n<\/div>\n\n\n\n<div style=\"height:59px\" aria-hidden=\"true\" class=\"wp-block-spacer\"><\/div>\n\n\n\n<div class=\"wp-block-columns alignwide are-vertically-aligned-center is-layout-flex wp-container-core-columns-is-layout-1da03c2a wp-block-columns-is-layout-flex\">\n<div class=\"wp-block-column is-vertically-aligned-center is-layout-flow wp-block-column-is-layout-flow\" style=\"flex-basis:30%\">\n<figure class=\"wp-block-image size-full is-resized is-style-rounded wp-duotone-unset-8 is-style-rounded--7\"><img loading=\"lazy\" decoding=\"async\" width=\"600\" height=\"400\" src=\"http:\/\/sobanski.pl\/wp-content\/uploads\/2025\/02\/38-edited.jpg\" alt=\"\" class=\"wp-image-125\" style=\"width:401px;height:auto\" srcset=\"https:\/\/sobanski.pl\/wp-content\/uploads\/2025\/02\/38-edited.jpg 600w, https:\/\/sobanski.pl\/wp-content\/uploads\/2025\/02\/38-edited-300x200.jpg 300w\" sizes=\"auto, (max-width: 600px) 100vw, 600px\" \/><\/figure>\n<\/div>\n\n\n\n<div class=\"wp-block-column is-vertically-aligned-center is-layout-flow wp-block-column-is-layout-flow\" style=\"flex-basis:60%\">\n<h3 class=\"wp-block-heading\"><strong>PATIO-System<\/strong><\/h3>\n\n\n\n<p>Ideal zur optimalen Nutzung von Fl\u00e4chen an Terrassen- oder Gartenausg\u00e4ngen. Der Kipp-Schiebe-Fl\u00fcgel und die Holzschwelle sorgen daf\u00fcr, dass das System au\u00dfergew\u00f6hnlich dicht ist. ROTO-Komponenten sind langlebig, komfortabel und sicher. <\/p>\n<\/div>\n<\/div>\n<\/div>\n<\/div>\n","protected":false},"excerpt":{"rendered":"<p>Wir bieten \u00f6kologische Innen-, Au\u00dfen- und Terrassent\u00fcren Au\u00dfent\u00fcren Unsere Holzhaust\u00fcren sind echte Visitenkarten f\u00fcr jedes Haus. H\u00f6chste Qualit\u00e4t, Liebe zum Detail und nahezu grenzenlose Gestaltungsm\u00f6glichkeiten geh\u00f6ren zu den gr\u00f6\u00dften Vorteilen unserer Au\u00dfent\u00fcren.Der T\u00fcrfl\u00fcgel besteht aus einem Rahmen aus laminiertem Meranti 450+ oder Eichenholz, gef\u00fcllt mit isolierten Kassetten oder Glas. Standardm\u00e4\u00dfig wird au\u00dfen eine P4-Einbruchschutzverglasung eingesetzt. [&hellip;]<\/p>\n","protected":false},"author":1,"featured_media":0,"parent":0,"menu_order":0,"comment_status":"closed","ping_status":"closed","template":"wp-custom-template-de","meta":{"_eb_attr":"","footnotes":""},"class_list":["post-828","page","type-page","status-publish","hentry"],"_links":{"self":[{"href":"https:\/\/sobanski.pl\/index.php\/wp-json\/wp\/v2\/pages\/828","targetHints":{"allow":["GET"]}}],"collection":[{"href":"https:\/\/sobanski.pl\/index.php\/wp-json\/wp\/v2\/pages"}],"about":[{"href":"https:\/\/sobanski.pl\/index.php\/wp-json\/wp\/v2\/types\/page"}],"author":[{"embeddable":true,"href":"https:\/\/sobanski.pl\/index.php\/wp-json\/wp\/v2\/users\/1"}],"replies":[{"embeddable":true,"href":"https:\/\/sobanski.pl\/index.php\/wp-json\/wp\/v2\/comments?post=828"}],"version-history":[{"count":6,"href":"https:\/\/sobanski.pl\/index.php\/wp-json\/wp\/v2\/pages\/828\/revisions"}],"predecessor-version":[{"id":1441,"href":"https:\/\/sobanski.pl\/index.php\/wp-json\/wp\/v2\/pages\/828\/revisions\/1441"}],"wp:attachment":[{"href":"https:\/\/sobanski.pl\/index.php\/wp-json\/wp\/v2\/media?parent=828"}],"curies":[{"name":"wp","href":"https:\/\/api.w.org\/{rel}","templated":true}]}}