{"id":775,"date":"2025-04-20T18:54:19","date_gmt":"2025-04-20T18:54:19","guid":{"rendered":"http:\/\/sobanski.pl\/?page_id=775"},"modified":"2025-04-21T18:37:49","modified_gmt":"2025-04-21T18:37:49","slug":"775-2","status":"publish","type":"page","link":"https:\/\/sobanski.pl\/index.php\/fr\/775-2\/","title":{"rendered":"Dodatki i akcesoria FR"},"content":{"rendered":"\n<div class=\"wp-block-group alignfull has-base-background-color has-background has-global-padding is-layout-constrained wp-container-core-group-is-layout-669513ed wp-block-group-is-layout-constrained\" style=\"margin-top:0;margin-bottom:0;padding-top:var(--wp--preset--spacing--50);padding-right:var(--wp--preset--spacing--50);padding-bottom:var(--wp--preset--spacing--50);padding-left:var(--wp--preset--spacing--50)\">\n<div class=\"wp-block-columns alignwide is-layout-flex wp-container-core-columns-is-layout-d0bbbce0 wp-block-columns-is-layout-flex\">\n<div class=\"wp-block-column is-layout-flow wp-container-core-column-is-layout-9b635ac4 wp-block-column-is-layout-flow\">\n<figure class=\"wp-block-image size-full\"><a href=\"http:\/\/sobanski.pl\/index.php\/szyby-zespolone\/\"><img loading=\"lazy\" decoding=\"async\" width=\"410\" height=\"246\" src=\"http:\/\/sobanski.pl\/wp-content\/uploads\/2025\/02\/image-8.png\" alt=\"\" class=\"wp-image-211\" style=\"aspect-ratio:16\/9;object-fit:cover\" srcset=\"https:\/\/sobanski.pl\/wp-content\/uploads\/2025\/02\/image-8.png 410w, https:\/\/sobanski.pl\/wp-content\/uploads\/2025\/02\/image-8-300x180.png 300w\" sizes=\"auto, (max-width: 410px) 100vw, 410px\" \/><\/a><\/figure>\n\n\n\n<h3 class=\"wp-block-heading has-text-align-center is-style-default has-body-font-family has-medium-font-size\" style=\"font-style:normal;font-weight:700\"><a href=\"http:\/\/sobanski.pl\/index.php\/fr\/961-2\/\" data-type=\"page\" data-id=\"961\">Vitrages isolants<\/a><\/h3>\n<\/div>\n\n\n\n<div class=\"wp-block-column is-layout-flow wp-container-core-column-is-layout-e3d1c41b wp-block-column-is-layout-flow\">\n<figure class=\"wp-block-image size-full\"><a href=\"http:\/\/sobanski.pl\/index.php\/szyby-ze-szprosami\/\"><img loading=\"lazy\" decoding=\"async\" width=\"692\" height=\"298\" src=\"http:\/\/sobanski.pl\/wp-content\/uploads\/2025\/02\/image-9.png\" alt=\"\" class=\"wp-image-212\" style=\"aspect-ratio:16\/9;object-fit:cover\" srcset=\"https:\/\/sobanski.pl\/wp-content\/uploads\/2025\/02\/image-9.png 692w, https:\/\/sobanski.pl\/wp-content\/uploads\/2025\/02\/image-9-300x129.png 300w\" sizes=\"auto, (max-width: 692px) 100vw, 692px\" \/><\/a><\/figure>\n\n\n\n<h3 class=\"wp-block-heading has-text-align-center is-style-default has-body-font-family has-medium-font-size\" style=\"font-style:normal;font-weight:700\"><a href=\"http:\/\/sobanski.pl\/index.php\/fr\/szyby-ze-szprosami-fr\/\" data-type=\"page\" data-id=\"946\">Vitrages avec petits bois<\/a><\/h3>\n<\/div>\n\n\n\n<div class=\"wp-block-column is-layout-flow wp-container-core-column-is-layout-e3d1c41b wp-block-column-is-layout-flow\">\n<figure class=\"wp-block-image size-full\"><a href=\"http:\/\/sobanski.pl\/index.php\/wzorniki-i-ornamenty\/\"><img loading=\"lazy\" decoding=\"async\" width=\"486\" height=\"229\" src=\"http:\/\/sobanski.pl\/wp-content\/uploads\/2025\/02\/image-13.png\" alt=\"\" class=\"wp-image-216\" style=\"aspect-ratio:16\/9;object-fit:cover\" srcset=\"https:\/\/sobanski.pl\/wp-content\/uploads\/2025\/02\/image-13.png 486w, https:\/\/sobanski.pl\/wp-content\/uploads\/2025\/02\/image-13-300x141.png 300w\" sizes=\"auto, (max-width: 486px) 100vw, 486px\" \/><\/a><\/figure>\n\n\n\n<h3 class=\"wp-block-heading has-text-align-center is-style-default has-body-font-family has-medium-font-size\" style=\"font-style:normal;font-weight:700\"><a href=\"http:\/\/sobanski.pl\/index.php\/fr\/975-2\/\" data-type=\"page\" data-id=\"975\">\u00c9chantillons et verres d\u00e9coratifs<\/a><\/h3>\n<\/div>\n<\/div>\n\n\n\n<div style=\"height:var(--wp--preset--spacing--20)\" aria-hidden=\"true\" class=\"wp-block-spacer\"><\/div>\n\n\n\n<div class=\"wp-block-columns alignwide is-layout-flex wp-container-core-columns-is-layout-d0bbbce0 wp-block-columns-is-layout-flex\">\n<div class=\"wp-block-column is-layout-flow wp-container-core-column-is-layout-e3d1c41b wp-block-column-is-layout-flow\">\n<figure class=\"wp-block-image size-full\"><a href=\"http:\/\/sobanski.pl\/index.php\/klamki-okucia-oslonki\/\"><img loading=\"lazy\" decoding=\"async\" width=\"833\" height=\"322\" src=\"http:\/\/sobanski.pl\/wp-content\/uploads\/2025\/02\/image-10.png\" alt=\"\" class=\"wp-image-213\" style=\"aspect-ratio:16\/9;object-fit:cover\" srcset=\"https:\/\/sobanski.pl\/wp-content\/uploads\/2025\/02\/image-10.png 833w, https:\/\/sobanski.pl\/wp-content\/uploads\/2025\/02\/image-10-300x116.png 300w, https:\/\/sobanski.pl\/wp-content\/uploads\/2025\/02\/image-10-768x297.png 768w\" sizes=\"auto, (max-width: 833px) 100vw, 833px\" \/><\/a><\/figure>\n\n\n\n<h3 class=\"wp-block-heading has-text-align-center is-style-default has-body-font-family has-medium-font-size\" style=\"font-style:normal;font-weight:700\"><a href=\"http:\/\/sobanski.pl\/index.php\/fr\/poignees-ferrures-caches\/\" data-type=\"page\" data-id=\"789\">Poign\u00e9es \u2013 Ferrures \u2013 Caches<\/a><\/h3>\n<\/div>\n\n\n\n<div class=\"wp-block-column is-layout-flow wp-container-core-column-is-layout-e3d1c41b wp-block-column-is-layout-flow\">\n<figure class=\"wp-block-image size-full\"><a href=\"http:\/\/sobanski.pl\/index.php\/zawiasy-kryte-roto-designo\/\"><img loading=\"lazy\" decoding=\"async\" width=\"831\" height=\"441\" src=\"http:\/\/sobanski.pl\/wp-content\/uploads\/2025\/02\/image-11.png\" alt=\"\" class=\"wp-image-214\" style=\"aspect-ratio:16\/9;object-fit:cover\" srcset=\"https:\/\/sobanski.pl\/wp-content\/uploads\/2025\/02\/image-11.png 831w, https:\/\/sobanski.pl\/wp-content\/uploads\/2025\/02\/image-11-300x159.png 300w, https:\/\/sobanski.pl\/wp-content\/uploads\/2025\/02\/image-11-768x408.png 768w\" sizes=\"auto, (max-width: 831px) 100vw, 831px\" \/><\/a><\/figure>\n\n\n\n<h3 class=\"wp-block-heading has-text-align-center is-style-default has-body-font-family has-medium-font-size\" style=\"font-style:normal;font-weight:700\"><a href=\"http:\/\/sobanski.pl\/index.php\/fr\/988-2\/\" data-type=\"page\" data-id=\"988\">Paumelles invisibles ROTO DESIGNO<\/a><\/h3>\n<\/div>\n\n\n\n<div class=\"wp-block-column is-layout-flow wp-container-core-column-is-layout-e3d1c41b wp-block-column-is-layout-flow\">\n<figure class=\"wp-block-image size-full\"><a href=\"http:\/\/sobanski.pl\/index.php\/okapniki\/\"><img loading=\"lazy\" decoding=\"async\" width=\"700\" height=\"381\" src=\"http:\/\/sobanski.pl\/wp-content\/uploads\/2025\/02\/image-12.png\" alt=\"\" class=\"wp-image-215\" style=\"aspect-ratio:16\/9;object-fit:cover\" srcset=\"https:\/\/sobanski.pl\/wp-content\/uploads\/2025\/02\/image-12.png 700w, https:\/\/sobanski.pl\/wp-content\/uploads\/2025\/02\/image-12-300x163.png 300w\" sizes=\"auto, (max-width: 700px) 100vw, 700px\" \/><\/a><\/figure>\n\n\n\n<h3 class=\"wp-block-heading has-text-align-center is-style-default has-body-font-family has-medium-font-size\" style=\"font-style:normal;font-weight:700\"><a href=\"http:\/\/sobanski.pl\/index.php\/fr\/appuis-de-fenetre\/\" data-type=\"page\" data-id=\"859\">Bavettes d\u2019\u00e9gouttement<\/a><\/h3>\n<\/div>\n<\/div>\n<\/div>\n","protected":false},"excerpt":{"rendered":"<p>Vitrages isolants Vitrages avec petits bois \u00c9chantillons et verres d\u00e9coratifs Poign\u00e9es \u2013 Ferrures \u2013 Caches Paumelles invisibles ROTO DESIGNO Bavettes d\u2019\u00e9gouttement<\/p>\n","protected":false},"author":1,"featured_media":0,"parent":0,"menu_order":0,"comment_status":"closed","ping_status":"closed","template":"wp-custom-template-fr","meta":{"_eb_attr":"","footnotes":""},"class_list":["post-775","page","type-page","status-publish","hentry"],"_links":{"self":[{"href":"https:\/\/sobanski.pl\/index.php\/wp-json\/wp\/v2\/pages\/775","targetHints":{"allow":["GET"]}}],"collection":[{"href":"https:\/\/sobanski.pl\/index.php\/wp-json\/wp\/v2\/pages"}],"about":[{"href":"https:\/\/sobanski.pl\/index.php\/wp-json\/wp\/v2\/types\/page"}],"author":[{"embeddable":true,"href":"https:\/\/sobanski.pl\/index.php\/wp-json\/wp\/v2\/users\/1"}],"replies":[{"embeddable":true,"href":"https:\/\/sobanski.pl\/index.php\/wp-json\/wp\/v2\/comments?post=775"}],"version-history":[{"count":4,"href":"https:\/\/sobanski.pl\/index.php\/wp-json\/wp\/v2\/pages\/775\/revisions"}],"predecessor-version":[{"id":1014,"href":"https:\/\/sobanski.pl\/index.php\/wp-json\/wp\/v2\/pages\/775\/revisions\/1014"}],"wp:attachment":[{"href":"https:\/\/sobanski.pl\/index.php\/wp-json\/wp\/v2\/media?parent=775"}],"curies":[{"name":"wp","href":"https:\/\/api.w.org\/{rel}","templated":true}]}}