{"id":132,"date":"2025-02-02T13:21:25","date_gmt":"2025-02-02T13:21:25","guid":{"rendered":"http:\/\/sobanski.pl\/?page_id=132"},"modified":"2026-01-02T12:28:58","modified_gmt":"2026-01-02T12:28:58","slug":"okiennice-i-parapety","status":"publish","type":"page","link":"https:\/\/sobanski.pl\/index.php\/okiennice-i-parapety\/","title":{"rendered":"Okiennice i parapety PL"},"content":{"rendered":"\n<div class=\"wp-block-group alignfull has-global-padding is-layout-constrained wp-container-core-group-is-layout-d89aad35 wp-block-group-is-layout-constrained\" style=\"margin-top:0;margin-bottom:0;padding-top:var(--wp--preset--spacing--50);padding-right:var(--wp--preset--spacing--50);padding-bottom:var(--wp--preset--spacing--50);padding-left:var(--wp--preset--spacing--50)\">\n<h2 class=\"wp-block-heading has-text-align-center\" style=\"padding-top:var(--wp--preset--spacing--20);padding-bottom:var(--wp--preset--spacing--20)\"><strong>Okiennice i parapety<\/strong><\/h2>\n\n\n\n<div class=\"wp-block-group alignwide has-global-padding is-layout-constrained wp-container-core-group-is-layout-19e250f3 wp-block-group-is-layout-constrained\">\n<div class=\"wp-block-columns alignwide is-layout-flex wp-container-core-columns-is-layout-d1c656ed wp-block-columns-is-layout-flex\">\n<div class=\"wp-block-column is-vertically-aligned-center is-layout-flow wp-block-column-is-layout-flow\" style=\"flex-basis:60%\">\n<h3 class=\"wp-block-heading is-style-default\">Okiennice drewniane<\/h3>\n\n\n\n<p>Okiennice jako dodatkowy element zewn\u0119trzny pe\u0142ni\u0105 rol\u0119 estetyczn\u0105, a tak\u017ce zapewniaj\u0105 pe\u0142n\u0105 prywatno\u015b\u0107 w domu. S\u0105 u\u017cyteczne i eleganckie, dzi\u0119ki czemu nadaj\u0105 si\u0119 nie tylko do mieszka\u0144 o tradycyjnej architekturze, ale r\u00f3wnie\u017c do budynk\u00f3w nowoczesnych, w kt\u00f3rych o\u017cywiaj\u0105 elewacj\u0119. Dzi\u0119ki odpowiednio dobranym okiennicom dom nabiera uroku. Okiennice mog\u0105 by\u0107 tak\u017ce wykonywane do okien o nietypowych kszta\u0142tach: okr\u0105g\u0142ych, trapezowych, tr\u00f3jk\u0105tnych. Odpowiednia budowa okiennic powoduje, \u017ce mog\u0105 pracowa\u0107 w dowolnej p\u0142aszczy\u017anie \u2013 od wertykalnej po horyzontaln\u0105.<\/p>\n\n\n\n<p>Do produkcji okiennic stosujemy:<\/p>\n\n\n\n<ul class=\"wp-block-list\">\n<li>drewno meranti 450+, d\u0119bowe lub sosnowe<\/li>\n\n\n\n<li>lakiery firmy Remmers perfekcyjnie chroni\u0105ce drewno<\/li>\n<\/ul>\n<\/div>\n\n\n\n<div class=\"wp-block-column is-layout-flow wp-block-column-is-layout-flow\" style=\"flex-basis:40%\">\n<figure class=\"wp-block-image size-full is-resized is-style-rounded is-style-rounded--1\"><img loading=\"lazy\" decoding=\"async\" width=\"450\" height=\"600\" src=\"http:\/\/sobanski.pl\/wp-content\/uploads\/2025\/02\/153.jpg\" alt=\"\" class=\"wp-image-144\" style=\"width:449px;height:auto\" srcset=\"https:\/\/sobanski.pl\/wp-content\/uploads\/2025\/02\/153.jpg 450w, https:\/\/sobanski.pl\/wp-content\/uploads\/2025\/02\/153-225x300.jpg 225w\" sizes=\"auto, (max-width: 450px) 100vw, 450px\" \/><\/figure>\n<\/div>\n<\/div>\n\n\n\n<div style=\"height:var(--wp--preset--spacing--40)\" aria-hidden=\"true\" class=\"wp-block-spacer\"><\/div>\n\n\n\n<div class=\"wp-block-columns alignwide is-layout-flex wp-container-core-columns-is-layout-d0846407 wp-block-columns-is-layout-flex\">\n<div class=\"wp-block-column is-layout-flow wp-block-column-is-layout-flow\" style=\"flex-basis:50%\">\n<figure class=\"wp-block-image size-large is-style-rounded is-style-rounded--2\"><img loading=\"lazy\" decoding=\"async\" width=\"1024\" height=\"768\" src=\"http:\/\/sobanski.pl\/wp-content\/uploads\/2025\/02\/parapety0-1024x768.jpg\" alt=\"\" class=\"wp-image-145\" srcset=\"https:\/\/sobanski.pl\/wp-content\/uploads\/2025\/02\/parapety0-1024x768.jpg 1024w, https:\/\/sobanski.pl\/wp-content\/uploads\/2025\/02\/parapety0-300x225.jpg 300w, https:\/\/sobanski.pl\/wp-content\/uploads\/2025\/02\/parapety0-768x576.jpg 768w, https:\/\/sobanski.pl\/wp-content\/uploads\/2025\/02\/parapety0-1536x1152.jpg 1536w, https:\/\/sobanski.pl\/wp-content\/uploads\/2025\/02\/parapety0-2048x1536.jpg 2048w\" sizes=\"auto, (max-width: 1024px) 100vw, 1024px\" \/><\/figure>\n<\/div>\n\n\n\n<div class=\"wp-block-column is-vertically-aligned-center is-layout-flow wp-block-column-is-layout-flow\" style=\"flex-basis:50%\">\n<h3 class=\"wp-block-heading is-style-default\">Parapety drewniane<\/h3>\n\n\n\n<p>Nasze parapety wewn\u0119trzne opr\u00f3cz spe\u0142niania funkcji u\u017cytkowych stanowi\u0105 pi\u0119kny element wystroju wn\u0119trza. Kolorystyka mo\u017ce by\u0107 identyczna z barw\u0105 okien lub mo\u017ce nawi\u0105zywa\u0107 do innych element\u00f3w wystroju wn\u0119trza.<\/p>\n\n\n\n<p>Do produkcji parapet\u00f3w wewn\u0119trznych stosujemy :<\/p>\n\n\n\n<ul class=\"wp-block-list\">\n<li>drewno meranti 450+<\/li>\n\n\n\n<li>drewno d\u0119bowe<\/li>\n\n\n\n<li>drewno sosnowe<\/li>\n\n\n\n<li>lakiery firmy Remmers, kt\u00f3re perfekcyjnie chroni\u0105 drewno<\/li>\n<\/ul>\n<\/div>\n<\/div>\n<\/div>\n<\/div>\n","protected":false},"excerpt":{"rendered":"<p>Okiennice i parapety Okiennice drewniane Okiennice jako dodatkowy element zewn\u0119trzny pe\u0142ni\u0105 rol\u0119 estetyczn\u0105, a tak\u017ce zapewniaj\u0105 pe\u0142n\u0105 prywatno\u015b\u0107 w domu. S\u0105 u\u017cyteczne i eleganckie, dzi\u0119ki czemu nadaj\u0105 si\u0119 nie tylko do mieszka\u0144 o tradycyjnej architekturze, ale r\u00f3wnie\u017c do budynk\u00f3w nowoczesnych, w kt\u00f3rych o\u017cywiaj\u0105 elewacj\u0119. Dzi\u0119ki odpowiednio dobranym okiennicom dom nabiera uroku. Okiennice mog\u0105 by\u0107 tak\u017ce [&hellip;]<\/p>\n","protected":false},"author":1,"featured_media":0,"parent":0,"menu_order":0,"comment_status":"closed","ping_status":"closed","template":"wp-custom-template-pl","meta":{"_eb_attr":"","footnotes":""},"class_list":["post-132","page","type-page","status-publish","hentry"],"_links":{"self":[{"href":"https:\/\/sobanski.pl\/index.php\/wp-json\/wp\/v2\/pages\/132","targetHints":{"allow":["GET"]}}],"collection":[{"href":"https:\/\/sobanski.pl\/index.php\/wp-json\/wp\/v2\/pages"}],"about":[{"href":"https:\/\/sobanski.pl\/index.php\/wp-json\/wp\/v2\/types\/page"}],"author":[{"embeddable":true,"href":"https:\/\/sobanski.pl\/index.php\/wp-json\/wp\/v2\/users\/1"}],"replies":[{"embeddable":true,"href":"https:\/\/sobanski.pl\/index.php\/wp-json\/wp\/v2\/comments?post=132"}],"version-history":[{"count":6,"href":"https:\/\/sobanski.pl\/index.php\/wp-json\/wp\/v2\/pages\/132\/revisions"}],"predecessor-version":[{"id":1446,"href":"https:\/\/sobanski.pl\/index.php\/wp-json\/wp\/v2\/pages\/132\/revisions\/1446"}],"wp:attachment":[{"href":"https:\/\/sobanski.pl\/index.php\/wp-json\/wp\/v2\/media?parent=132"}],"curies":[{"name":"wp","href":"https:\/\/api.w.org\/{rel}","templated":true}]}}

<div class="wp-block-group alignfull has-global-padding is-layout-constrained wp-container-core-group-is-layout-d89aad35 wp-block-group-is-layout-constrained" style="margin-top:0;margin-bottom:0;padding-top:var(--wp--preset--spacing--50);padding-right:var(--wp--preset--spacing--50);padding-bottom:var(--wp--preset--spacing--50);padding-left:var(--wp--preset--spacing--50)">
<h2 class="wp-block-heading has-text-align-center" style="padding-top:var(--wp--preset--spacing--20);padding-bottom:var(--wp--preset--spacing--20)"><strong>Okiennice i parapety</strong></h2>



<div class="wp-block-group alignwide has-global-padding is-layout-constrained wp-container-core-group-is-layout-19e250f3 wp-block-group-is-layout-constrained">
<div class="wp-block-columns alignwide is-layout-flex wp-container-core-columns-is-layout-d1c656ed wp-block-columns-is-layout-flex">
<div class="wp-block-column is-vertically-aligned-center is-layout-flow wp-block-column-is-layout-flow" style="flex-basis:60%">
<h3 class="wp-block-heading is-style-default">Okiennice drewniane</h3>



<p>Okiennice jako dodatkowy element zewnętrzny pełnią rolę estetyczną, a także zapewniają pełną prywatność w domu. Są użyteczne i eleganckie, dzięki czemu nadają się nie tylko do mieszkań o tradycyjnej architekturze, ale również do budynków nowoczesnych, w których ożywiają elewację. Dzięki odpowiednio dobranym okiennicom dom nabiera uroku. Okiennice mogą być także wykonywane do okien o nietypowych kształtach: okrągłych, trapezowych, trójkątnych. Odpowiednia budowa okiennic powoduje, że mogą pracować w dowolnej płaszczyźnie – od wertykalnej po horyzontalną.</p>



<p>Do produkcji okiennic stosujemy:</p>



<ul class="wp-block-list">
<li>drewno meranti 450+, dębowe lub sosnowe</li>



<li>lakiery firmy Remmers perfekcyjnie chroniące drewno</li>
</ul>
</div>



<div class="wp-block-column is-layout-flow wp-block-column-is-layout-flow" style="flex-basis:40%">
<figure class="wp-block-image size-full is-resized is-style-rounded is-style-rounded--1"><img loading="lazy" decoding="async" width="450" height="600" src="http://sobanski.pl/wp-content/uploads/2025/02/153.jpg" alt="" class="wp-image-144" style="width:449px;height:auto" srcset="https://sobanski.pl/wp-content/uploads/2025/02/153.jpg 450w, https://sobanski.pl/wp-content/uploads/2025/02/153-225x300.jpg 225w" sizes="auto, (max-width: 450px) 100vw, 450px" /></figure>
</div>
</div>



<div style="height:var(--wp--preset--spacing--40)" aria-hidden="true" class="wp-block-spacer"></div>



<div class="wp-block-columns alignwide is-layout-flex wp-container-core-columns-is-layout-d0846407 wp-block-columns-is-layout-flex">
<div class="wp-block-column is-layout-flow wp-block-column-is-layout-flow" style="flex-basis:50%">
<figure class="wp-block-image size-large is-style-rounded is-style-rounded--2"><img loading="lazy" decoding="async" width="1024" height="768" src="http://sobanski.pl/wp-content/uploads/2025/02/parapety0-1024x768.jpg" alt="" class="wp-image-145" srcset="https://sobanski.pl/wp-content/uploads/2025/02/parapety0-1024x768.jpg 1024w, https://sobanski.pl/wp-content/uploads/2025/02/parapety0-300x225.jpg 300w, https://sobanski.pl/wp-content/uploads/2025/02/parapety0-768x576.jpg 768w, https://sobanski.pl/wp-content/uploads/2025/02/parapety0-1536x1152.jpg 1536w, https://sobanski.pl/wp-content/uploads/2025/02/parapety0-2048x1536.jpg 2048w" sizes="auto, (max-width: 1024px) 100vw, 1024px" /></figure>
</div>



<div class="wp-block-column is-vertically-aligned-center is-layout-flow wp-block-column-is-layout-flow" style="flex-basis:50%">
<h3 class="wp-block-heading is-style-default">Parapety drewniane</h3>



<p>Nasze parapety wewnętrzne oprócz spełniania funkcji użytkowych stanowią piękny element wystroju wnętrza. Kolorystyka może być identyczna z barwą okien lub może nawiązywać do innych elementów wystroju wnętrza.</p>



<p>Do produkcji parapetów wewnętrznych stosujemy :</p>



<ul class="wp-block-list">
<li>drewno meranti 450+</li>



<li>drewno dębowe</li>



<li>drewno sosnowe</li>



<li>lakiery firmy Remmers, które perfekcyjnie chronią drewno</li>
</ul>
</div>
</div>
</div>
</div>

<p>Okiennice i parapety Okiennice drewniane Okiennice jako dodatkowy element zewnętrzny pełnią rolę estetyczną, a także zapewniają pełną prywatność w domu. Są użyteczne i eleganckie, dzięki czemu nadają się nie tylko do mieszkań o tradycyjnej architekturze, ale również do budynków nowoczesnych, w których ożywiają elewację. Dzięki odpowiednio dobranym okiennicom dom nabiera uroku. Okiennice mogą być także [&hellip;]</p>
